{"id":7829,"date":"2024-04-01T12:55:27","date_gmt":"2024-04-01T10:55:27","guid":{"rendered":"https:\/\/konkret.shop\/faq-items\/vannak-olyan-jarulekos-koltsegek-amelyeket-nem-emlitett\/"},"modified":"2024-12-22T15:33:02","modified_gmt":"2024-12-22T13:33:02","slug":"vannak-olyan-jarulekos-koltsegek-amelyeket-nem-emlitett","status":"publish","type":"avada_faq","link":"https:\/\/konkret.shop\/hu\/faq-items\/vannak-olyan-jarulekos-koltsegek-amelyeket-nem-emlitett\/","title":{"rendered":"Vannak olyan j\u00e1rul\u00e9kos k\u00f6lts\u00e9gek, amelyeket nem eml\u00edtett?"},"content":{"rendered":"<div class=\"fusion-fullwidth fullwidth-box fusion-builder-row-1 fusion-flex-container has-pattern-background has-mask-background nonhundred-percent-fullwidth non-hundred-percent-height-scrolling\" style=\"--awb-border-radius-top-left:0px;--awb-border-radius-top-right:0px;--awb-border-radius-bottom-right:0px;--awb-border-radius-bottom-left:0px;--awb-flex-wrap:wrap;\" ><div class=\"fusion-builder-row fusion-row fusion-flex-align-items-flex-start fusion-flex-content-wrap\" style=\"max-width:1414.4px;margin-left: calc(-4% \/ 2 );margin-right: calc(-4% \/ 2 );\"><div class=\"fusion-layout-column fusion_builder_column fusion-builder-column-0 fusion_builder_column_1_1 1_1 fusion-flex-column\" style=\"--awb-bg-size:cover;--awb-width-large:100%;--awb-margin-top-large:0px;--awb-spacing-right-large:1.92%;--awb-margin-bottom-large:20px;--awb-spacing-left-large:1.92%;--awb-width-medium:100%;--awb-order-medium:0;--awb-spacing-right-medium:1.92%;--awb-spacing-left-medium:1.92%;--awb-width-small:100%;--awb-order-small:0;--awb-spacing-right-small:1.92%;--awb-spacing-left-small:1.92%;\"><div class=\"fusion-column-wrapper fusion-column-has-shadow fusion-flex-justify-content-flex-start fusion-content-layout-column\"><div class=\"fusion-text fusion-text-1\"><p>Tov\u00e1bbi k\u00f6lts\u00e9gek mer\u00fclhetnek fel, ha az \u00faj ker\u00edt\u00e9s telep\u00edt\u00e9s\u00e9hez a megl\u00e9v\u0151 ker\u00edt\u00e9s elbont\u00e1sa vagy m\u00e1s, a ker\u00edt\u00e9s telep\u00edt\u00e9s\u00e9hez nem kapcsol\u00f3d\u00f3 munka sz\u00fcks\u00e9ges. A ker\u00edt\u00e9s v\u00e9gs\u0151 \u00e1r\u00e1t a ker\u00edt\u00e9s \u00f6sszetev\u0151i (panelek + oszlopok), a sz\u00e1ll\u00edt\u00e1s \u00e9s a telep\u00edt\u00e9s hat\u00e1rozza meg. <\/p>\n<\/div><\/div><\/div><\/div><\/div>\n","protected":false},"excerpt":{"rendered":"","protected":false},"author":1,"featured_media":7714,"menu_order":0,"comment_status":"closed","ping_status":"closed","template":"","format":"standard","meta":{"footnotes":""},"faq_category":[],"class_list":["post-7829","avada_faq","type-avada_faq","status-publish","format-standard","has-post-thumbnail","hentry"],"_links":{"self":[{"href":"https:\/\/konkret.shop\/hu\/wp-json\/wp\/v2\/avada_faq\/7829","targetHints":{"allow":["GET"]}}],"collection":[{"href":"https:\/\/konkret.shop\/hu\/wp-json\/wp\/v2\/avada_faq"}],"about":[{"href":"https:\/\/konkret.shop\/hu\/wp-json\/wp\/v2\/types\/avada_faq"}],"author":[{"embeddable":true,"href":"https:\/\/konkret.shop\/hu\/wp-json\/wp\/v2\/users\/1"}],"replies":[{"embeddable":true,"href":"https:\/\/konkret.shop\/hu\/wp-json\/wp\/v2\/comments?post=7829"}],"version-history":[{"count":1,"href":"https:\/\/konkret.shop\/hu\/wp-json\/wp\/v2\/avada_faq\/7829\/revisions"}],"predecessor-version":[{"id":7832,"href":"https:\/\/konkret.shop\/hu\/wp-json\/wp\/v2\/avada_faq\/7829\/revisions\/7832"}],"wp:featuredmedia":[{"embeddable":true,"href":"https:\/\/konkret.shop\/hu\/wp-json\/wp\/v2\/media\/7714"}],"wp:attachment":[{"href":"https:\/\/konkret.shop\/hu\/wp-json\/wp\/v2\/media?parent=7829"}],"wp:term":[{"taxonomy":"faq_category","embeddable":true,"href":"https:\/\/konkret.shop\/hu\/wp-json\/wp\/v2\/faq_category?post=7829"}],"curies":[{"name":"wp","href":"https:\/\/api.w.org\/{rel}","templated":true}]}}

Vannak olyan járulékos költségek, amelyeket nem említett?

<div class="fusion-fullwidth fullwidth-box fusion-builder-row-1 fusion-flex-container has-pattern-background has-mask-background nonhundred-percent-fullwidth non-hundred-percent-height-scrolling" style="--awb-border-radius-top-left:0px;--awb-border-radius-top-right:0px;--awb-border-radius-bottom-right:0px;--awb-border-radius-bottom-left:0px;--awb-flex-wrap:wrap;" ><div class="fusion-builder-row fusion-row fusion-flex-align-items-flex-start fusion-flex-content-wrap" style="max-width:1414.4px;margin-left: calc(-4% / 2 );margin-right: calc(-4% / 2 );"><div class="fusion-layout-column fusion_builder_column fusion-builder-column-0 fusion_builder_column_1_1 1_1 fusion-flex-column" style="--awb-bg-size:cover;--awb-width-large:100%;--awb-margin-top-large:0px;--awb-spacing-right-large:1.92%;--awb-margin-bottom-large:20px;--awb-spacing-left-large:1.92%;--awb-width-medium:100%;--awb-order-medium:0;--awb-spacing-right-medium:1.92%;--awb-spacing-left-medium:1.92%;--awb-width-small:100%;--awb-order-small:0;--awb-spacing-right-small:1.92%;--awb-spacing-left-small:1.92%;"><div class="fusion-column-wrapper fusion-column-has-shadow fusion-flex-justify-content-flex-start fusion-content-layout-column"><div class="fusion-text fusion-text-1"><p>További költségek merülhetnek fel, ha az új kerítés telepítéséhez a meglévő kerítés elbontása vagy más, a kerítés telepítéséhez nem kapcsolódó munka szükséges. A kerítés végső árát a kerítés összetevői (panelek + oszlopok), a szállítás és a telepítés határozza meg. </p>
</div></div></div></div></div>
